r?
True
Is 43490801 a prime number?
True
Is 68567 a prime number?
True
Is 8507297 a composite number?
True
Is 5469551 a composite number?
False
Is 6173707 a prime number?
False
Is 35003587 a prime number?
True
Is 33141503 a prime number?
False
Is 265780481 a composite number?
False
Is 1809547 composite?
True
Is 93648013 composite?
True
Is 720611435 prime?
False
Is 12282367 prime?
False
Is 179225239 a composite number?
False
Is 9168121 prime?
False
Is 4778477 a prime number?
False
Is 8918347 prime?
True
Is 5073479 a composite number?
True
Is 31198129 composite?
True
Is 4550927 composite?
False
Is 66639887 a prime number?
False
Is 108424601 a prime number?
True
Is 15958783 composite?
False
Is 427117 prime?
True
Is 6201535 a prime number?
False
Is 27414707 a prime number?
True
Is 32187467 prime?
False
Is 644387 composite?
True
Is 13033651 a composite number?
False
Is 784831 prime?
True
Is 201038381 composite?
True
Is 14598953 a prime number?
False
Is 138538573 a composite number?
True
Is 4685959 composite?
True
Is 80797037 a prime number?
True
Is 3117601 a composite number?
False
Is 546421 composite?
True
Is 1233851 prime?
True
Is 1244183 a composite number?
False
Is 42289907 composite?
True
Is 149562671 a prime number?
True
Is 226968409 a composite number?
True
Is 18017579 a prime number?
False
Is 6210277 a composite number?
False
Is 1463087 composite?
True
Is 135227917 a prime number?
False
Is 9553919 prime?
False
Is 119123553 a composite number?
True
Is 3669691 a prime number?
True
Is 2056961 composite?
False
Is 183270911 composite?
False
Is 110957879 composite?
True
Is 11949293 prime?
False
Is 2174647 prime?
True
Is 1368383 prime?
False
Is 12064387 a composite number?
False
Is 824507 composite?
True
Is 6582839 a prime number?
True
Is 749971 composite?
False
Is 1630931 a prime number?
False
Is 1029751 a composite number?
False
Is 1133989 prime?
True
Is 200269127 prime?
True
Is 16414591 a composite number?
False
Is 1579393 composite?
True
Is 14060779 prime?
False
Is 137109355 a composite number?
True
Is 5477623 a prime number?
False
Is 13078111 composite?
True
Is 2227453 prime?
False
Is 45481 a prime number?
True
Is 443507 a composite number?
True
Is 88082789 composite?
True
Is 9891451 composite?
False
Is 11340493 composite?
True
Is 3416379 composite?
True
Is 256036931 composite?
True
Is 672278363 a prime number?
True
Is 994141 a prime number?
True
Is 937943 composite?
False
Is 9275723 composite?
True
Is 99412237 a composite number?
True
Is 5268838 a composite number?
True
Is 1140787 a prime number?
True
Is 129538699 a composite number?
True
Is 833531 composite?
True
Is 115747319 prime?
True
Is 29301829 a prime number?
False
Is 459120097 composite?
True
Is 18843247 composite?
True
Is 81575689 prime?
False
Is 40592779 a composite number?
True
Is 3440807 a prime number?
True
Is 11811187 prime?
True
Is 2733637 composite?
True
Is 3714283 a composite number?
True
Is 677470895 composite?
True
Is 18995029 prime?
False
Is 307403661 prime?
False
Is 188211343 prime?
True
Is 302311 a composite number?
True
Is 31684573 prime?
False
Is 1235359 a composite number?
True
Is 3939035 composite?
True
Is 35170778 a composite number?
True
Is 55350433 prime?
True
Is 207533749 prime?
True
Is 15543595 a composite number?
True
Is 22883669 a composite number?
False
Is 9937873 a prime number?
False
Is 873343 a composite number?
False
Is 20451199 a prime number?
True
Is 99550247 a composite number?
False
Is 92386754 composite?
True
Is 397157 a prime number?
False
Is 8421487 a composite number?
False
Is 178606169 a prime number?
False
Is 9270631 a prime number?
False
Is 35520917 composite?
False
Is 87137499 prime?
False
Is 7443439 composite?
True
Is 26062121 prime?
False
Is 237833443 composite?
False
Is 1581829 a composite number?
False
Is 5053883 a composite number?
False
Is 13414897 a composite number?
False
Is 147381617 a composite number?
False
Is 9097069 a composite number?
False
Is 31015858 a composite number?
True
Is 2098826 composite?
True
Is 3507527 a composite number?
False
Is 46730797 prime?
False
Is 202932929 prime?
True
Is 11101709 a prime number?
False
Is 3513877 composite?
False
Is 1834319741 a prime number?
True
Is 11822245 a prime number?
False
Is 133585559 prime?
True
Is 962853655 prime?
False
Is 2610701 a prime number?
True
Is 72579523 prime?
True
Is 1505228723 a composite number?
False
Is 17389019 composite?
False
Is 1816901 a prime number?
True
Is 46964791 composite?
True
Is 7913977 a composite number?
True
Is 1528913 prime?
False
Is 75475663 a composite number?
False
Is 18771287 a prime number?
True
Is 17922739 a composite number?
False
Is 8338793 composite?
False
Is 158150731 a prime number?
True
Is 54499157 a composite number?
False
Is 11605787 a composite number?
False
Is 8068169 a composite number?
True
Is 1618879 a composite number?
True
Is 10853603 a prime number?
True
Is 293080531 prime?
True
Is 4498647 prime?
False
Is 745601 prime?
True
Is 17222927 a composite number?
True
Is 14069791 a prime number?
True
Is 179336363 composite?
False
Is 34148033 composite?
True
Is 7193783 a prime number?
True
Is 5969027 a prime number?
True
Is 777899 a composite number?
True
Is 3579899 prime?
False
Is 18336607 prime?
True
Is 2269409 a composite number?
False
Is 163846403 composite?
True
Is 28592981 prime?
False
Is 55687517 prime?
True
Is 139013257 prime?
True
Is 84359 a prime number?
False
Is 38737597 prime?
True
Is 736357 a composite number?
False
Is 47622533 a prime number?
False
Is 146852857 a prime number?
False
Is 33760603 a prime number?
False
Is 3903257 composite?
True
Is 1622585 prime?
False
Is 8875093 composite?
False
Is 26501213 a composite number?
True
Is 160261631 composite?
True
Is 155092631 a composite number?
True
Is 7946467 prime?
False
Is 11460413 a prime number?
True
Is 1725433 prime?
False
Is 518133263 composite?
False
Is 373296039 a prime number?
False
Is 2947403 prime?
True
Is 4948309 composite?
True
Is 838300559 composite?
True
Is 94091729 prime?
True
Is 201441437 a composite number?
True
Is 1618346 a prime number?
False
Is 1437773 a composite number?
False
Is 3082889 a composite number?
False
Is 504767 prime?
True
Is 262019 a composite number?
True
Is 19563809 prime?
True
Is 5852213 composite?
False
Is 3129101 a composite number?
True
Is 363581531 a composite number?
False
Is 35859077 composite?
False
Is 159777983 a composite number?
False
Is 1233466293 prime?
False
Is 3128549 a composite number?
True
Is 12079913 composite?
False
Is 14684513 a prime number?
True
Is 39511841 composite?
False
Is 20819689 prime?
False
Is 18368143 a composite number?
True
Is 3604423 composite?
True
Is 43141681 prime?
False
Is 16118569 a composite number?
True
Is 2166623 a composite number?
True
Is 2785781 a prime number?
True
Is 520637543 a composite number?
False
Is 47010767 prime?
False
Is 3702293177 prime?
False
Is 380671033 a prime number?
True
Is 343302538 a prime number?
False
Is 310260157 a prime number?
True
Is 8138149 a composite number?
False
Is 702493 composite?
True
Is 33325381 a composite number?
True
Is 628381619 composite?
True
Is 136739879 a prime number?
False
Is 2224429 composite?
False
Is 27704753 prime?
True
Is 2977391 composite?
False
Is 11628895 prime?
False
Is 372259 prime?
False
Is 100146109 prime?
False
Is 25794803 a prime number?
True
Is 4274503 composite?
True
Is 433909 a composite number?
True
Is 469959313 a composite number?
False
Is 7562447 a prime number?
True
Is 7755347 a prime number?
False
Is 6154591 prime?
True
Is 12600751 composite?
False
Is 250583701 composite?
False
Is 18144241 prime?
True
Is 14489263 a prime number?
True
Is 104590811 a prime number?
False
Is 126027427 a prime number?
True
Is 2889401 a prime number?
False
Is 189726107 a composite number?
True
Is 18958102 a composite number?
True
Is 39465731 a composite number?
False
Is 2847863 a composite number?
False
Is 5303677 a prime number?
False
Is 18493031 a composite number?
True
Is 13677239 prime?
True
Is 51208987 prime?
True
Is 482347 a composite number?
False
Is 3997577 composite?
False
Is 289668107 prime?
True
Is 14244463 a composite number?
True
Is 1475963 a composite number?
True
Is 23079701 composite?
True
Is 727574933 a composite number?
False
Is 60